divisor of g and 23?
23
Suppose -15*v + 11937 - 3362 = 10*v. What is the greatest common factor of 14 and v?
7
Let w be (-38)/(-7) + (-39)/91. Let n be (67 - -3) + 3 - 5/w. Let t = -54 - -102. What is the greatest common factor of t and n?
24
Let k(x) = x**2 + 17*x + 66. Let p be k(-17). Let f be (-11)/(0 - 3/6). Calculate the greatest common divisor of f and p.
22
Let m be (-4)/(4/(-113)) - 3. Let s(z) = -4*z**2 - 34*z + 24. Let t be s(-11). Let i = -76 - t. Calculate the highest common divisor of i and m.
10
Suppose -h + 5 = 4. Let r be (h/1)/(-1)*-69. Suppose 4*v + 5*o - 103 = 0, -3*v - o + r = -0*o. Calculate the highest common divisor of 22 and v.
22
Let z(g) = -445*g - 557. Let h be z(-5). Calculate the highest common factor of 96 and h.
12
Let l(v) = -6*v**3 + 5*v**2 - 9*v - 18. Let s be l(-5). Let d be (-4)/(-42) + s/231. What is the highest common divisor of d and 80?
4
Let j = 818 - 290. Calculate the greatest common factor of 12 and j.
12
Let c be ((-5152)/42)/((-9)/((-1755)/(-10))). Calculate the greatest common factor of 52 and c.
52
Let r be 1/(5 - 228/46). Suppose -9*o + r*o = 840. Let q(j) = -2*j**3 + 4*j**2. Let i be q(-3). What is the highest common factor of o and i?
30
Let c(b) = 6*b**2 - 4*b - 8. Let h = 36 - 35. Let p be (-90)/(-9) - h*4. Let n be c(p). What is the greatest common divisor of 23 and n?
23
Suppose -y + 5*y = 4*k + 40, -4*k - y = 30. Let m(f) = -19*f + 2. Let i be m(k). What is the greatest common factor of 14 and i?
14
Let t be 2226/98 - (1 - (-9)/(-7)). Suppose -8*g + 17 = -t. Calculate the greatest common divisor of g and 90.
5
Suppose -2*a - 5*o + 112 = 2*a, a - 5*o = 53. Suppose 5*j - 3*q = -2*q - 668, -3*q = -2*j - 262. Let s = j + 299. What is the highest common divisor of a and s?
33
Suppose -78 = 5*s + v - 239, -5*s + 153 = 3*v. Calculate the greatest common divisor of 10329 and s.
33
Let h be ((-1)/(10/(-151340)))/2. What is the highest common divisor of h and 161?
161
Let b(k) = -4*k**2 - 15*k - 130. Let u be b(-11). Let o = -383 - u. Calculate the highest common divisor of o and 44.
22
Suppose -2*o - z - 14 + 18 = 0, 20 = o - 4*z. Suppose 228 = o*h - 4*c, 0*c - 293 = -5*h + c. Calculate the highest common factor of 295 and h.
59
Let j = -6381 + 6451. Calculate the highest common divisor of 1030 and j.
10
Let t(r) = 1539*r - 15213. Let p be t(10). What is the highest common factor of 25547 and p?
59
Suppose 4*l = -20, 4*d - 3*l + 4 = 19. Let f(w) = d*w + 2*w + 2 + 2 - 18*w**2 + 34*w**2. Let k be f(-1). What is the highest common divisor of 144 and k?
18
Suppose 31*u - 14 = 29*u. Let g = -7 - -11. Suppose -5*b - 17 = 3*w, 4*b - 2*b = -g*w - 4. Calculate the greatest common divisor of w and u.
1
Suppose 5*c = s + 165, -5*s + 411 = 2*c + 372. Let u = 0 + 21. Let h be 444/14 + 6/u. What is the highest common factor of h and c?
32
Let l(z) = z**3 - 10*z**2 + 32*z + 25. Let r be l(-10). Let m be (4 - (-1 + 0)) + r/(-45). What is the highest common factor of 16 and m?
8
Let b(n) = -14*n + 992. Let v be b(70). Let k = 480 - 96. What is the highest common divisor of v and k?
12
Let k(n) be the second derivative of n**3/6 + 16*n**2 + 74*n + 1. Let c be k(3). Calculate the highest common divisor of 28 and c.
7
Suppose 1544 = 2*i - x + 182, 2*i - 3*x - 1366 = 0. What is the greatest common factor of i and 510?
170
Suppose -h = r - 226, -h - 728 = -5*r + 420. What is the highest common divisor of r and 3?
1
Let x(b) = -b**3 + 3*b + 25. Let u be x(0). Suppose -u - 906 = -7*q. What is the greatest common factor of q and 19?
19
Let n be 2/(9670/(-1209) + 8). Let v = n - 749. Calculate the greatest common divisor of v and 40.
20
Let t = -2725 - -2754. What is the greatest common factor of t and 13253?
29
Let n = -31515 - -31530. What is the greatest common divisor of 1617 and n?
3
Let r(d) = 10*d**2 + 4*d + 3. Let j be r(5). Suppose 27 = -f + 19, -f - f = -5*l + 121. Calculate the greatest common factor of l and j.
21
Let j = -214 + 221. Let g be ((-25)/(-30))/(2/12). Calculate the greatest common divisor of g and j.
1
Suppose -2*d - 40 = 2*s - 3*s, -5*s - 3*d + 252 = 0. Suppose 0*x + 320 = 8*x. Suppose -4*z + x = -8. Calculate the highest common divisor of z and s.
12
Let u(o) be the second derivative of -o**4/12 + 5*o**3/6 + 4*o**2 - 14*o. Let q be u(0). What is the highest common divisor of 152 and q?
8
Let j = -1875 + 1877. Let w = 70 - 43. Let y = w + j. Calculate the highest common factor of y and 87.
29
Let h(x) = 17*x**2 - 36*x. Let j = 183 - 177. Let w be h(j). Calculate the highest common divisor of 44 and w.
44
Let d = -5511 - -5877. Calculate the greatest common divisor of 5307 and d.
183
Let q be -1 - 1*-1 - (31 + -285). Let b = q + -243. Calculate the greatest common factor of 55 and b.
11
Let b(f) = -f**2 - 11*f - 27. Let l be b(-20). Let g = -155 - l. Calculate the greatest common factor of 4 and g.
4
Let y = 28296 + -27422. Suppose -u + 43 = 5. What is the greatest common factor of u and y?
38
Suppose d = -2*d + 210. Let h = -2644 + 2854. Calculate the greatest common divisor of d and h.
70
Let t = -24891 - -25561. Calculate the highest common factor of t and 10.
10
Let r be 5304/96 + 1/(-4). Let w(v) = -89*v - 13. Let b(k) = k**2 + 10*k - 26. Let g be b(-12). Let z be w(g). What is the greatest common factor of r and z?
55
Let a be 20826/65 - ((-16)/20)/(-2). Suppose -199*q = -189*q - a. Let c = 73 - 41. What is the highest common divisor of c and q?
32
Let f(k) = -k**3 - 11*k**2 - 20*k + 17. Let b be f(-9). Suppose 0 = -j + 4 + b. Suppose -1131 = -21*y - 8*y. Calculate the greatest common divisor of y and j.
39
Let m(c) = 3*c**2 - 5*c + 12. Let w be m(9). Let q(j) = -j**3 + 22*j**2 - 94*j - 147. Let l be q(9). Calculate the greatest common factor of w and l.
30
Let y = -8926 - -16630. What is the highest common divisor of 144 and y?
72
Let t be 414732/1498*14/6. Calculate the greatest common divisor of t and 918.
34
Suppose -125*r + 24 = -5*w - 128*r, 0 = 2*w + 2*r + 8. Let t be 66 + (-3 + w + 11 - 4). Calculate the greatest common divisor of t and 400.
16
Suppose 5*c - 1239 = -189. Suppose 2*l + 208 = 3*j - c, 5*l + 275 = 2*j. Suppose -40 + 0 = -2*f. What is the greatest common divisor of j and f?
20
Let k(w) = -8*w**3 - 4*w**2 - 3*w - 2. Let o be k(-2). Let a be 14/(5 - o/12). What is the highest common divisor of 154 and a?
7
Let d(m) = -m**3 + 25*m**2 + 87*m - 41. Let i be d(27). What is the highest common divisor of 272 and i?
34
Let a(p) = -p**2 + 3*p + 39. Let f be a(-6). Let c be 78/4 - (3 + f/10). Suppose 3 = d - 0. Calculate the highest common factor of c and d.
3
Suppose 134*p = 128*p + 1410. Calculate the greatest common factor of p and 987.
47
Let g(m) = 31 + m + 0*m + 5*m + 3. Let q be g(-5). Suppose -1407 = -5*b + 3*v, -3*b - q*v = -8*b + 1411. Calculate the highest common divisor of b and 31.
31
Suppose 283 = 6*i - 293. Let a = i + 18. Calculate the highest common factor of 76 and a.
38
Suppose -12*m + 2613 = m. Suppose -4*f = 3 - 19, -5*z + f + m = 0. Suppose -33*t - 96 = -z*t. Calculate the highest common factor of 42 and t.
6
Let n = -15 - -33. Let h be n - (-3)/(-6)*10. What is the highest common factor of h and 221?
13
Let u(c) = 20*c**2 - 10*c + 5. Let m be u(4). Let g be (120/150)/((-2)/(-75)). What is the greatest common factor of m and g?
15
Suppose o + u - 6 = 0, -3*u = -4*o + 4 - 1. Let t = -235 + 240. Suppose 0 = -t*w - 4 + 64. What is the greatest common divisor of o and w?
3
Let t(u) = 2*u**2 + 8*u - 14. Let b be t(-9). Suppose -54 = -79*f + b*f. Let r be (1 - 34/6)*-27. What is the greatest common divisor of f and r?
18
Suppose -2*m + v - 6*v + 100 = 0, 4*v = 16. What is the greatest common divisor of 152 and m?
8
Let b be (-144)/192*((-1902)/9 + 2). Calculate the highest common factor of b and 785.
157
Suppose p = -3*u + 518, -4*p - 4*u + 1336 = -784. Calculate the greatest common divisor of 938 and p.
134
Suppose 4*h - 3*j + 272 = -470, -2*h - 2*j - 364 = 0. Let m = -150 - h. Calculate the highest common factor of 493 and m.
17
Let g = 3114 + -3009. What is the greatest common divisor of 1120 and g?
35
Let y = 188 + -89. Let k = -226 + 279. Suppose -55*m = -k*m - 18. What is the greatest common factor of m and y?
9
Let x(q) = q**2 - 3*q - 5. Let z be x(5). S